et d = 25 + 311. Suppose -4*t = 4, 2*z + 4*t + 175 = 5*z. Suppose -53*f + z*f = d. What is the units digit of f?
4
Let f be ((-3)/(-2))/(6/(-4)). What is the units digit of f/5 + 20968/40?
4
Suppose p - 914 = 4*h + 236, 0 = p - 2*h - 1144. Let a = 2784 - p. What is the hundreds digit of a?
6
Suppose 0 = -4*s - 0*s + 24. Suppose -113 = s*i + 37. Let n = 107 + i. What is the units digit of n?
2
Suppose 23*f - 1115538 = f - 60110. What is the units digit of f?
4
Suppose 3*c - 2*q = 4*c + 15, 2*c - q = -5. What is the units digit of (c + 12/4)/2 + 920?
9
Let r(u) = -349 - 66 - 36*u + 79 + 6*u**2 + u. What is the hundreds digit of r(-11)?
7
Let a(y) = 430*y**2 + y - 1. Suppose 5*n - 7*n + 4 = v, 0 = 2*v - 4. What is the tens digit of a(n)?
3
Suppose -52 + 277 = 5*u. What is the tens digit of u?
4
Let q(b) = b**2 - 10*b + 33. Let o be q(5). What is the tens digit of 6/24 - (-2918)/o?
6
Suppose -4*k = -y - 11479, 3*y + 8598 = -9*k + 12*k. Suppose -5*i + m = -6135, 2023 + k = 4*i + 2*m. What is the tens digit of i?
2
Let l be 36/(-14)*(52/12 + -9). What is the hundreds digit of (41972/16)/7 + (-9)/l?
3
Suppose -2*u + h + 91799 = 0, 13*u - 10*h = -14*h + 596599. What is the thousands digit of u?
5
Let n(i) = 3*i**2 + 2*i + 1. Let h be n(-1). Suppose -8*q + 22 = -h. Suppose 2*c - 56 = -2*b, q*b = 8*c - 4*c - 77. What is the units digit of c?
3
Let g = 71860 - 9827. What is the hundreds digit of g?
0
Suppose -101*f - 48*f + 340763 = 0. What is the units digit of f?
7
Let c(z) = 358*z**2 - 5*z + 2 + 3*z - z - 100*z**2. What is the tens digit of c(1)?
5
Let n(u) = -5*u**3 + 6*u**2 + u - 3. Suppose -3 - 1 = h. What is the hundreds digit of n(h)?
4
Let a = 21 + 7. Suppose 25*b - a*b + 27 = 0. Suppose 0 = b*f + f - 790. What is the units digit of f?
9
Let v(q) = 281*q + 4648. What is the hundreds digit of v(103)?
5
Suppose -2*z + 3*t + 7412 = -z, -t = 7*z - 51840. What is the units digit of z?
6
Let z(c) = c**2 + 104*c + 14905. What is the hundreds digit of z(0)?
9
Let u(t) = -12 + 10*t + 5*t - 5*t - 9. Let j be u(-7). Let v = j + 184. What is the tens digit of v?
9
Let u(j) = j**3 - 17*j**2 + 31*j - 11. Let h be u(15). Suppose 6*o - h*w - 268 = 2*o, 3*o - 217 = -5*w. Suppose 4*v = 353 - o. What is the units digit of v?
1
Let m(f) = -1124*f**3 - f**2 - 1114*f - 3345. What is the ten thousands digit of m(-3)?
3
Let i(s) = 18*s**2 - 8*s - 52. Let c be i(-10). Suppose -4*a + 16 = 0, 0 = -t + 81*a - 84*a + c. What is the hundreds digit of t?
8
Let t(o) = 13*o + 11. Let h(j) = 14*j + 10. Let k(c) = -2*h(c) + 3*t(c). Let x be k(-12). Let s = x - -205. What is the units digit of s?
6
Let x = -42 + 39. Let b be ((x/(-2))/(1/(-6)))/1. Let u(f) = -f**3 - 9*f**2 - 5*f - 18. What is the tens digit of u(b)?
2
Suppose 22*q - 15232 = 54*q. Let g = 1570 + q. What is the thousands digit of g?
1
Suppose -2*u + 3*p = -7215, 2 = -0*p - 2*p. What is the hundreds digit of u?
6
Let d(v) = 4*v**2 + 19*v - 636. What is the units digit of d(-53)?
3
Let l(r) be the second derivative of r**4/3 - 2*r**3 - 13*r**2 - 29*r + 1. What is the hundreds digit of l(12)?
4
Let h = -2870 + 10928. What is the tens digit of h?
5
Let n be 628 + (69/15 - (-2)/5). What is the hundreds digit of (0/(-9) - (0 - -4)) + n?
6
Let d(b) = -9*b**3 + 3*b**2 + 12*b + 9. Let w be d(-4). Let v(k) = -k + 3. Let p be v(-7). Suppose p*i = i + w. What is the tens digit of i?
6
Suppose 868150 = -13*m + 63*m. What is the units digit of m?
3
Suppose -2*d + 6*d - 840 = 0. Let k = -554 - -936. Let a = k - d. What is the hundreds digit of a?
1
Suppose 5*v + 4*f = -997, -3*f + 1011 = -5*v - 0*f. Suppose -903 = -3*g + 2*q, -5*g - 2*q + 470 = -1019. Let p = v + g. What is the tens digit of p?
9
Suppose -1219 = -p + 466. Suppose -4*c = 4*n - 6820, 5*n - p = 4*n - 5*c. What is the units digit of n?
0
Let b = 62 + -66. Let l be (-3 - b - 1)*-1. Suppose 33*v - 34*v + 63 = l. What is the tens digit of v?
6
Suppose -22 = 3*w - 8*c + 3*c, -w - 3*c + 2 = 0. What is the hundreds digit of 3 + (w - -173) + 3 + 0?
1
Let v = -11813 - -37560. What is the ten thousands digit of v?
2
What is the units digit of 15/12 - 585143/52*-1?
4
Let f(t) be the second derivative of t**4/12 - 25*t**3/6 + 12*t**2 - 20*t. Let m be f(24). Suppose -9*b + 412 + 236 = m. What is the units digit of b?
2
Let y(z) = z**3 - 22*z**2 + 38*z + 53. Let q be y(19). Let x = 725 + q. What is the tens digit of x?
1
Let b(c) = -1713*c + 22. Let s = 113 - 114. What is the tens digit of b(s)?
3
Suppose 3*w + 850 = -122. Let s = w + 389. What is the tens digit of s?
6
Let s = -11038 + 20531. What is the hundreds digit of s?
4
Suppose -8 = 2*d + 2, 2*i - d - 5 = 0. Suppose i = 31*r - 35*r + 8. What is the units digit of 162 - r - (-4 + 0)?
4
Let a(r) = -r**3 + 18*r**2 - 19*r + 37. Let m be a(17). What is the units digit of (-11)/((-3)/117*m)?
3
Suppose -22*y + 260202 - 75644 = 0. What is the thousands digit of y?
8
Let h be -18*(-6 - 95/(-15)). What is the units digit of 20*(-75)/h*1?
0
Let b(n) = 165*n**3 + 11*n**2 - 5*n - 5. Let z(q) = 33*q**3 + 2*q**2 - q - 1. Let t(w) = 2*b(w) - 11*z(w). Let m = 3 + -4. What is the tens digit of t(m)?
3
Let j = 125 - 77. Let r = j + -44. Let x(m) = 2*m**3 - 4*m**2 + 5*m + 8. What is the units digit of x(r)?
2
Suppose 0 = 14*m - 52 - 18. Suppose 20 = m*s - s. Suppose s*p - 2*p - 144 = 0. What is the tens digit of p?
4
Let p = -483 - -13918. What is the tens digit of p?
3
Suppose 10*m + 14 - 54 = 0. Suppose -4*s + s + 3*i = 111, s + m*i = -52. Let y = s + 65. What is the tens digit of y?
2
Let n be (-16)/(-168)*-3 + (-111)/(-21). Suppose -n*a + 3681 = 196. What is the tens digit of a?
9
Let i = 31074 + 10718. What is the tens digit of i?
9
Suppose -19*v + 22230 = -13*v. Suppose -v = 8*t - 13593. What is the thousands digit of t?
1
Let b be 16 + -18 + (-1 - 1). Let v(h) = 12*h + 6. Let c be v(b). Let n = 138 + c. What is the tens digit of n?
9
Suppose -3*y = 5*i - 19203, -53624 + 21650 = -5*y + 2*i. What is the units digit of y?
6
Suppose w - 34817 = 4*a, -4*w - 2*a = 3*a - 139184. What is the thousands digit of w?
4
Suppose 0 = -i - 14 + 26. Suppose 2*o + i = 6*o. Suppose 5*k = 3*q - 6*q + 69, 0 = -o*q - 2*k + 78. What is the units digit of q?
8
Let d(u) be the first derivative of -26*u**2 - 8*u + 245. Suppose 4*p + 4 + 23 = 3*w, w - 14 = 3*p. What is the tens digit of d(p)?
4
Suppose -4*t - 2*w = -286, t - 3*w - 36 = 46. Let x be (-49)/7 - (2 - 3). What is the units digit of t + (x - (1 + -4))?
0
Let d(i) = 27*i**2 + 22*i + 40. What is the units digit of d(5)?
5
Let p be 3 + 5 + 6 + -5 + -3. What is the hundreds digit of 15/p*(-17208)/(-45)?
9
Let h(j) = -j**2 - 22*j + 3. Suppose 3*t = 5*s + 59, 22 = -s + 4*t - 0*t. What is the hundreds digit of h(s)?
1
Suppose -105097 = -4*g - 0*u + 5*u, 3*g - 78831 = u. What is the tens digit of g?
7
Let u be (317/2)/((-2)/4). Let k = u + 602. What is the tens digit of k?
8
Suppose 8118*l - 8092*l = 454688. What is the ten thousands digit of l?
1
Let u = -94 - -59. Let w = 37 + u. Suppose 0 = -2*f + t + w*t + 108, -4*f + 228 = -3*t. What is the tens digit of f?
6
Let t(o) = 33*o**2 - 35*o - 756. What is the ten thousands digit of t(-20)?
1
Let m(a) be the first derivative of -a**3 + 60*a**2 - 18*a - 72. What is the hundreds digit of m(31)?
8
Let s(j) = 3368*j + 5245. What is the tens digit of s(7)?
2
Suppose 5*x - 21 - 29 = 0. Suppose -x*a + 8*a = -8. Suppose -3*g - a*b + 302 = 0, 3*g - 185 = 4*b + 101. What is the tens digit of g?
9
Let t(j) = j**3 - 13*j**2 - 56*j - 9. Let g be (12/5)/((-42)/(-315)). What is the hundreds digit of t(g)?
6
Let a be (6/4 - 1)/((-21)/19194). Let d = 1545 + a. What is the units digit of d?
8
Let d(y) = 45*y**3 + 28*y**2 + 2*y - 22. What is the hundreds digit of d(7)?
7
What is the hundreds digit of ((-19)/((-760)/(-1024)))/(1/(-610)*1)?
6
Suppose 29*q - 28067 = -9304. Let u = q + -247. What is the tens digit of u?
0
Let q = 88 - 115. Let z be (-27)/4*36/q. Suppose 0 = -z*w + 96 + 300. What is the tens digit of w?
4
Let x = -80 + 116. Suppose x = -2*u + 36. Suppose u = 8*r + 142 - 822. What is the units digit of r?
5
Suppose -18*q - g = -17*q + 6, g + 30 = -5*q. Let l(k) = -11*k - 3 + 4 - 34 - 15. What is the units digit of l(q)?
8
Let k be (-2)/3 + 6940/15. Suppose k = 6*x